4 - -9) - 3.
-4
What is the value of (3 + -6 - -8) + -4?
1
Calculate -3 - (1 + -1) - -3.
0
Calculate -8 - (-5 + (-3 - -5)).
-5
Evaluate -6 + 3 + (2 - 3).
-4
3 - 8 - (-1 - 0)
-4
Calculate 2 + (-11 - -2) - -4.
-3
What is the value of -2 + -1 + (1 - -5) + -2?
1
What is -3 - (1 - (-2 - (1 + -5)))?
-2
What is -5 + 11 - ((3 - 0) + 1)?
2
(3 - (6 - (-3 - -5))) + 2
1
0 - (12 - (0 - -6))
-6
What is the value of -1 + -3 + (-5 - (-16 + 4))?
3
What is the value of (6 - 4) + 4 + 1 + -10?
-3
What is the value of 7 + -5 + (-1 - 6)?
-5
What is the value of 1 + (3 - 4 - 5)?
-5
What is the value of 2 + 6 + (-13 - 0)?
-5
Evaluate 3 + -2 + 17 + 2 + -12.
8
What is the value of 4 + 11 + -8 + -9?
-2
What is the value of (-2 + -6 - -6 - 3) + 4?
-1
What is (-3 - 1) + (-4 + 2 - -4)?
-2
What is the value of 8 - (0 - (-3 - -1)) - 2?
4
What is the value of -7 + (7 - 5) + (-2 - -1)?
-6
(-2 - 2 - 0) + 1
-3
Calculate (0 - 2) + 5 + 2 + -4.
1
What is 6 + -24 + 12 - 0?
-6
What is the value of -15 + 10 + 0 + 8 + -3?
0
Calculate 8 + (-4 - 1) + -6.
-3
1 + -9 - ((-10 - -3) + 3)
-4
((-2 - 1) + 0 - 1) + 0
-4
Calculate -9 + 2 + -4 - -8.
-3
What is the value of 9 + -11 - (-1 + -3)?
2
Calculate 5 + -1 + (0 - -4 - 1).
7
Calculate (-89 - -94) + 0 + -9 + -1.
-5
Evaluate 7 - (28 + (-17 - -5)).
-9
What is 7 - (-2 - (-4 + -5))?
0
What is the value of -3 + ((0 - -8) + 4 - 3)?
6
Evaluate -36 - -34 - (0 + -1 - 4).
3
Calculate -1 + 4 + -4 - -7.
6
What is the value of 1 - -4 - (7 + -3) - -2?
3
What is 1 + -2 + (-8 - -3)?
-6
Calculate (-1 - -2) + 1 + 0 + -3.
-1
-13 + 6 - (2 - 17)
8
What is the value of 5 - (-2 + 6 + 6)?
-5
Evaluate -8 - 0 - (1 - (16 + -3)).
4
Calculate 2 + (-2 - -3) - (-16 + 15).
4
What is the value of -5 + 6 + (-4 - 1)?
-4
Calculate -9 - (-6 - 1) - (0 - -1).
-3
What is the value of -1 - (-5 + 10 + -6)?
0
Calculate (5 - 4 - -3 - -6) + -5.
5
Calculate 9 - (-3 + -6 + 11 - 0).
7
Calculate 1 - ((-5 - -7) + -6 + 2).
3
What is 1 + 0 - ((5 - 5) + 3)?
-2
Evaluate 1 + (-1 - 4) + (176 - 174).
-2
Evaluate (-11 + 18 - 2) + (-5 - -2).
2
0 - (1 - -3 - (-1 + 3))
-2
What is -5 - -3 - (3 - 1 - 4)?
0
Evaluate -3 + -2 - (-1 - (4 - 5)).
-5
Evaluate 49 + -40 + (-1 - (3 - 1)).
6
What is (0 - (0 - -1)) + (-7 - -3)?
-5
What is the value of -5 - (-2 - (7 + -3))?
1
What is the value of 8 + -1 + -14 - -4 - -1?
-2
0 + -8 + (80 - 71)
1
What is the value of 15 + -19 - 12 - (-6 - 0)?
-10
What is the value of 7 + (-5 - -12 - 18)?
-4
Calculate 2 + -1 + -2 + 2 + -2.
-1
Calculate 17 + -8 - 6 - 7.
-4
Calculate (23 - 11) + -5 + 3.
10
0 - 4 - (0 - 0)
-4
Calculate (5 - (-5 - -6)) + -9.
-5
Evaluate (1 + -2 - -3) + 2.
4
Calculate -2 + -1 - ((-2 - -6) + -12).
5
Evaluate 1 + 11 + -4 + 3 + -9.
2
What is the value of 11 + (-14 - -5) + (-1 - 0)?
1
Evaluate -3 + -8 - -3 - -9.
1
What is -5 - (-3 - -2) - (-4 + -1)?
1
Evaluate -2 + (5 - (7 - 0)).
-4
0 + 3 - (2 - -4)
-3
1 - 1 - 0 - 3 - -8
5
Evaluate -3 + (-14 - -5 - -9).
-3
Evaluate 4 + (0 - 0) + -4.
0
What is the value of 7 + (-11 - 0) + 1?
-3
What is -2 + (4 - 2) - 3 - 0?
-3
What is the value of -3 + 6 + 3 + -13?
-7
Calculate 2 + -4 + 9 + -3.
4
What is (-1 - 0) + 1 + (91 - 86)?
5
Calculate -1 + -5 - (-5 + 0).
-1
What is -10 + (22 + -9 - 10)?
-7
What is the value of 2 - 0 - (-5 + 19 + -9)?
-3
Calculate 12 - (-4 + 17 + -9).
8
-2 + -3 + 3 - 3
-5
What is the value of (15 - 18) + -1 + (0 - -1)?
-3
2 + (4 - 3 - -2) - -5
10
Calculate 1 + -6 + (-2 + 0 - -3).
-4
Evaluate 2 - (2 + -3 + 0).
3
Calculate -12 + (2 + 6 - -1).
-3
-15 + -2 + -8 + 18
-7
Evaluate 19 + 3 + (-16 - -3).
9
What is 12 - 9 - (-2 - (-1 - 2))?
2
Evaluate 0 - (-5 + 4 - (0 - -5)).
6
Evaluate 10 - 3 - (5 + -3).
5
(3 - 2) + 3 - 5 - 4
-5
Evaluate (-9 - -4) + 1 + 5.
1
Calculate -3 - (5 - (-7 + 4)) - -5.
-6
Calculate 9 + (1 - 0) + -6.
4
-3 - (-1 + 2 - 4)
0
What is (-1 - (3 + 2)) + -13 + 13?
-6
What is the value of 5 + -1 + -1 + 2?
5
Evaluate 3 - (-4 + 12 - (2 - -1)).
-2
Evaluate 2 - (-5 + 3 + 4 + 3).
-3
Calculate 1 + (10 - 14) + -2 + 9.
4
Evaluate -1 - -11 - (21 - 15).
4
Evaluate 5 + -3 + (-2 - 0) + -3.
-3
Evaluate (-7 + 3 - (-1 + -3)) + -4.
-4
1 + (-3 - -7) + -2
3
Evaluate 0 + (3 - 4) - -4.
3
What is 0 - (-4 - ((-4 - -4) + -4))?
0
What is the value of 5 - (-3 - -2 - -1)?
5
What is the value of 1 - (-5 - -2) - (-17 - -17)?
4
Evaluate 3 + (3 - ((0 - -4) + 1)).
1
What is 3 - (2 + 12) - -15?
4
What is the value of -1 + 2 - 2 - (-1 + 4)?
-4
-5 + 1 + -15 + 23
4
Calculate -2 + 6 + -8 + 1 + 1.
-2
What is -2 + 1 + -2 + (-14 - -15)?
-2
Evaluate (20 - 7 - 6) + 0.
7
What is the value of 7 - 4 - (-3 - (-4 - -5))?
7
Evaluate 9 + -15 - (-4 + 1).
-3
-3 + (4 - 11) - (2 - 5)
-7
3 - 12 - (0 - 4)
-5
What is 4 + (-1 - -4) + -7?
0
What is the value of (-2 + (3 - 2) - 2) + 5?
2
What is 0 + -3 + 7 + -7?
-3
-1 - 5 - (-15 + 12)
-3
Evaluate (-1 - -5) + -1 + 1.
4
10 + (4 + -10 - 0)
4
3 - (8 - 11 - -9)
-3
7 + -6 + 5 - 9
-3
What is (-9 - (-9 - -2)) + 2 - -6?
6
Calculate -1 - ((-5 - (-3 + 0)) + 2).
-1
Calculate -7 + 2 + -2 + (8 - 4).
-3
Calculate (1 + -2 - -3) + (-11 - -8).
-1
What is the value of 13 - (1 + -10 + 11)?
11
Calculate 1 - (0 + 2) - (-3 - -2).
0
Evaluate (-3 - 1) + -5 + 6.
-3
What is the value of -2 - (-14 + (3 - -1))?
8
What is -18 + -20 + 40 - (0 - -8)?
-6
What is the value of 0 + 2 + 0 + (-12 - -6)?
-4
1 + -2 + 1 + 1 + -2
-1
2 - ((-5 - -1) + 9) - 4
-7
Calculate 1 - (-3 + 4 - 4) - 0.
4
What is 3 - (1 + 1) - (-2 + -1)?
4
Calculate 0 - (-5 - (-4 - -3)).
4
Evaluate (-2 - -2) + 34 + -30.
4
Evaluate 4 + (0 - 3) + -2 - -1.
0
4 - (1 + 5) - -5
3
Evaluate (4 - 3) + 7 - 5.
3
-1 + 2 - (-5 + 4)
2
Calculate 2 - (-2 - (-5 - -5)).
4
Evaluate (4 - 16 - -9) + -4.
-7
Calculate 0 + (-5 - -6) + 4 + -12.
-7
Calculate 1 + -9 + (15 - (3 + 6)).
-2
What is 4 - ((6 - 8) + 15 + -3)?
-6
Calculate -6 + 3 + 8 - 0.
5
30 + -32 + (1 - 1)
-2
Evaluate (60 - 78) + (-1 - -10).
-9
Calculate 8 + -15 - -7 - -6.
6
(14 - 16) + (-1 - -7)
4
Evaluate (2 - -10 - 6) + -12.
-6
Calculate (17 - 13) + (-4 - 6).
-6
What is -11 + (16 - 5) - (-2 + 0)?
2
What is 7 + -2 + (-3 - -4)?
6
What is 3 + 0 + (-7 - 2)?
-6
What is 2 + (5 + -13 + -4 - -5)?
-5
Evaluate -1 + 10 - (56 + -50).
3
Calculate -4 - 3 - (-8 + -2).
3
Evaluate -3 + 0 - (-6 + -4).
7
What is the value of 1 - (-2 + -4 + (5 - 1))?
3
Calculate (0 - 5) + (7 - 3) - -7.
6
What is 3 + (-1 - (0 + -1 + 1))?
2
Calculate 1 + (-9 - -5) - -4.
1
What is -8 + -1 + 4 + -5?
-10
Calculate -1 + (0 - (-4 - 0) - 1).
2
Calculate (14 - 10) + (2 - (4 + 3)).
-1
Calculate (4 - 1) + 5 + -5 + 3.
6
Evaluate 5 + (-1 - 5) + (-2 - -4).
1
What is -16 + -1 + 12 + (12 - -1)?
8
What is 5 + -9 - (-13 + 4 + 4)?
1
What is -1 - (-8 + 3 + (5 - 3))?
2
What is 5 + -3 + (1 - 2 - 2)?
-1
What is the value of (23 - (40 + -16)) + 0 + -1?
-2
What is 2 + -5 + -2 - -9?
4
-7 - (-9 + (1 - 1)) - 5
-3
Calculate (1 - -3) + -4 + 5 + -7.
-2
What is the value of -7 - -1 - (-4 - 0)?
-2
Evaluate -30 + 28 + 1 + -4.
-5
What is the value of (-2 - 0) + (7 - (6 + -2))?
1
Evaluate (11 - (2 + 7)) + (-1 - -3).
4
What is the value of -9 + -1 + 7 - (1 + 1)?
-5
What is (-5 - -8) + (4 - 8)?
-1
Calculate 7 + -4 + 6 + -16.
-7
What is the value of 1 + 1 + (-8 + 0 - -4)?
-2
Evaluate (-9 - -10) + 5 - 8.
-2
Evaluate -2 - -2 - ((5 - -2) + -11).
4
Calculate -7 + 5 - (-9 + 2).
5
Evaluate (13 - 27 - -10) + 8.
4
2 - (5 - (-6 + 7 - 2))
-4
Calculate 2 + (-19 - -7) + 4 + 6.
0
Calculate (5 - 5) + 9 + -3 + -4.
2
What is (-2 - 9) + 7 + -2?
-6
What is -13 + 9 + 2 - -3?
1
Evaluate 0 + 0 - (-3 - -6).
-3
What is 0 + (6 - (-4 - -13))?
-3
What is -3 + -1 + 0 + 9 + -4?
1
-13 + 9 - (-15 + 6)
5
What is 1 - ((-1 - 3) + 3 - 0)?
2
Calculate -3 + -2 + 9 - (10 - 3).
-3
Evaluate 0 + (-1 - 0) + 1.
0
Calculate 51 + -48 - (6 - (-2 - -2)).
-3
What is the value of -6 + 10 + 1 + 1 + -6?
0
Evaluate 5 - (0 + 9 + -4 + 1).
-1
Calculate -2 + (-5 - (-2 - 2)).
-3
What is the value of -18 + 15 + 8 + 1 + -12?
-6
Calculate -2 - (13 + -12 - 1).
-2
Calculate (-11 - -6 - -4 - 1) + 4.
2
7 + 0 + -8 + 4
3
Calculate (2 - 3 - 0) + 3 - 5.
-3
Calculate -4 + 6 + 2 + -3.
1
Calculate (0 - 3 - (1 - 2)) + -1.
-3
(-317 - -329) + (1 - 2 - 6)
5
Calculate -7 + -2 + 7 + 2 + -5.
-5
Calculate -1 + (2 - (4 - (2 - -1))).
0
What is the value of 2 - (0 + 2 + -4 - 2)?
6
What is the value of -2 + 2 + (-2 - -6) + 0?
4
What is the value of 0 - ((-3 - -4 - 4) + 5)?
-2
3 - 8 - (1 + -1)
-